ens digit of w?
7
Let z(f) = -43*f**3 + 3*f**2 + 2*f + 3. Let l be z(-3). Suppose 5*h + 420 - l = 0. What is the hundreds digit of h?
1
Suppose -2*a = 6*j - 7*j - 613, -j = 2*a - 619. What is the hundreds digit of a?
3
Suppose 3*u = -2*j + 2042 - 409, 3*u + j = 1634. What is the tens digit of u?
4
Suppose 6*c = c - 45. Let n = c + 11. Let m = 6 + n. What is the units digit of m?
8
Let v(u) = -6*u**3 - u**2 + u + 1. Let s be v(-2). Suppose -6*i = s - 331. What is the tens digit of i?
4
Let a(f) be the third derivative of -f**6/720 + 13*f**5/120 + 5*f**4/24 + 5*f**2. Let v(z) be the second derivative of a(z). What is the units digit of v(-14)?
7
Let j(o) = 3*o**2 - 30*o - 74. What is the units digit of j(22)?
8
What is the tens digit of (4 - -6)/(21/1050)?
0
Let z = 39 + -21. What is the units digit of ((-16)/(-10))/(z/225)?
0
Let z = 702 + -301. Suppose 0 = 4*n - 0*n + 2*g - 310, 5*n - 2*g = z. What is the tens digit of n?
7
Let f(d) = -11*d + 4. Let r(j) = 6*j - 2. Let s(m) = -3*f(m) - 5*r(m). What is the tens digit of s(4)?
1
Let k(u) be the second derivative of u**4/12 + 2*u**3 - 5*u**2/2 + 19*u. What is the units digit of k(-18)?
3
Let i = 251 - 31. What is the units digit of i?
0
What is the hundreds digit of 3*4000/15 - (-2 + -2)?
8
Suppose 0 = 274*q - 278*q + 2748. What is the hundreds digit of q?
6
Suppose 363*w = 368*w - 2655. What is the tens digit of w?
3
Suppose v = 5*g - 3, -v = g - 5*v - 12. Suppose g = -2*n - 5*u + 346, -2*n - u = 2*n - 656. What is the hundreds digit of n?
1
Suppose 58*w - 119991 = -11*w. What is the hundreds digit of w?
7
Let k(l) = -l**3 + 17*l**2 - l + 12. Let h be k(17). Let m be 2/h + (-135)/(-25). Suppose 0 = m*n - 6*n + 1. What is the units digit of n?
1
Let h be 4 + -7 - 3*-2. Let m be ((-1)/(-2))/(h/(-78)). Let q = m - -55. What is the units digit of q?
2
Let h(w) = -1207*w**3 - w + 2. Let k be h(1). Let t be (-48)/32 - k/4. Suppose -2*v = 3*b - 182, -b - 4*b = 5*v - t. What is the tens digit of b?
6
Suppose c = -j + 547, 2*c + 4*j = -c + 1646. What is the tens digit of c?
4
Let s(b) = 8*b**2 + 16*b + 48. What is the units digit of s(-9)?
2
Let u = 13 - 19. What is the units digit of u/(-21) + (-1296)/(-21)?
2
Suppose 2*h - t - 466 - 799 = 0, 0 = -h + 3*t + 630. What is the units digit of h?
3
Suppose 2*f = -4*g + 46, 5*g - f - 56 = -2*f. Let k(z) = 55*z - 8. Let v(t) = -111*t + 15. Let j(o) = g*k(o) + 6*v(o). What is the tens digit of j(-1)?
6
Let d be 66/15 + 3/5. Suppose d*z - 185 = -0*z. What is the tens digit of z?
3
Let o be 124/(-24) + (-1)/(-6). What is the tens digit of (o - (-10)/8)/(2/(-72))?
3
Let a(y) = -193*y**3 + 4*y**2 + y - 1. What is the tens digit of a(-3)?
4
Suppose 0*z - 25 = 5*z, 5*d = 4*z + 35. Suppose -5*k + d*y + 439 = 0, -2 + 5 = -y. What is the units digit of k?
6
What is the units digit of (548/(-6))/((-18)/135)?
5
Let l(m) = 103*m + 3. Let u(h) = 205*h + 6. Let i(j) = 11*l(j) - 6*u(j). What is the units digit of i(-2)?
1
Let a be 0*(1 + 1 + -3). Suppose 5*s - 15 = 4*s + 5*u, -4*s + 2*u + 6 = a. Suppose s = o + 4*p - 9 - 4, -3*o = 3*p - 39. What is the units digit of o?
3
Suppose 0 = -2*p - r + 441 + 1058, -3*p - 2*r = -2249. What is the tens digit of p?
4
Let x(f) be the third derivative of -f**7/630 + f**5/10 - 2*f**2. Let n(o) be the third derivative of x(o). What is the tens digit of n(-6)?
4
Let s be 322 - (3 - (-1 + 4)). Suppose 4*z + 0*z + 2*x - 324 = 0, 3*x - s = -4*z. What is the tens digit of z?
8
Let p(i) = -i + 17 - 2*i**2 + 3*i + 5*i**2 + i. Let n be p(7). Suppose -r - n = -6*r. What is the tens digit of r?
3
Suppose -30*z = -8444 - 7036. What is the tens digit of z?
1
Suppose 6*h - 477 = -k + 8*h, 2*k + h = 969. What is the hundreds digit of k?
4
Let c = -62 - -66. Suppose 574 - 206 = 4*m + c*y, -5*y = -4*m + 350. What is the units digit of m?
0
Suppose 0 = -3*f - 5*h + 20 + 35, -f - 15 = -5*h. Let p(o) = 7 - f*o**3 - 3*o + 11*o**3 + 4*o - 2*o**2. What is the units digit of p(3)?
9
Let j = -25 + 21. What is the tens digit of -2*86*1/j?
4
What is the units digit of 38819/55 - 1/(-5)?
6
Let l = -9 - -14. Suppose 0 = -5*p - 5*j + 1320, 15 = -3*j + 6*j. Suppose 4*z = 5*r + 184 + 16, l*z = 4*r + p. What is the units digit of z?
5
Let t = 133 + 2075. What is the hundreds digit of t?
2
Let h(b) = b**2 - 8*b + 18. Suppose -3*d = -8*d + 35. What is the units digit of h(d)?
1
Let l = -8 + 8. Suppose l*u - 4*u = -8. Suppose -5*j - u = -7. What is the units digit of j?
1
Let f(c) = -17*c**3 - 6*c**2 + 47*c - 29. Let r(z) = -6*z**3 - 2*z**2 + 16*z - 10. Let d(l) = 3*f(l) - 8*r(l). What is the tens digit of d(-5)?
5
Let a be ((-182)/(-35))/((-2)/(-80)). Suppose 0 = 4*l - a - 288. What is the units digit of l?
4
Suppose -3*b = -4*o + 510 + 3486, 2*o = 2*b + 1996. What is the units digit of o?
2
Suppose -4*r = -5*r + 3. Let w(m) = -4*m + 9 - 1 + r*m + 4. What is the units digit of w(6)?
6
Let l(d) = 7*d**3 + 17*d**2 - 24*d + 5. Let q(s) = -10*s**3 - 26*s**2 + 36*s - 8. Let x(b) = -7*l(b) - 5*q(b). What is the units digit of x(-12)?
5
Suppose -2*m + 18 = 84. Let j = m + 4. Let a = j + 57. What is the units digit of a?
8
Suppose -h + 5*v = h - 16, -2*h = 2*v - 2. Suppose 2*j = -5*t + 134, -6*j - h*t + 316 = -j. What is the units digit of j?
2
Let g = 1016 - 747. What is the units digit of g?
9
Let q = -328 + 900. What is the hundreds digit of q?
5
Let o = 99 + -58. Let x = 87 - o. Suppose -x = -i + 11. What is the units digit of i?
7
Let m(x) = -13*x - 7. Let f be m(-11). Let w = f + -118. What is the tens digit of w?
1
Suppose 8*f + 6 = -2. Let h be (-2445)/20 - f/4. Let z = -62 - h. What is the units digit of z?
0
Let c(x) = -2*x - 3 - 15 + 11*x. What is the hundreds digit of c(22)?
1
Suppose -8*i = -13*i + 25. What is the units digit of 90*4*i/25?
2
Suppose 0 = v - k + 6, -2*v + 3*k - 6 = 4*k. Let a = v - -7. Suppose 6*o + 3*q - 167 = o, -3*o = -a*q - 81. What is the tens digit of o?
3
Let s be 0 - (1 + (2 - 79)). Suppose -4*r - 2*m + 20 = -266, -4*m = -r + s. Suppose 0 = -2*b - 5*f + r, 0 = -b - f + 34 - 1. What is the units digit of b?
1
Suppose 4*q + 185 = 5*h + 28, -h + q + 32 = 0. Suppose h = 4*l - 3. What is the units digit of l?
8
Let o(i) = -i**3 - 14*i**2 + 24*i - 62. What is the tens digit of o(-17)?
9
What is the hundreds digit of -2*(-2 + (-35388)/24)?
9
Let u = 1433 + -897. What is the hundreds digit of u?
5
Let j = -6865 - -10700. What is the tens digit of j?
3
Suppose 2*f = 4*h - 8*h + 502, -2*f = h - 121. Suppose -4*z + 2*y + h = -115, 0 = -z - 4*y + 47. What is the units digit of z?
9
Suppose -57*y = -52*y - 2155. What is the units digit of y?
1
Suppose -2*k + m = -9, -3*k = -5*k - 2*m + 6. Let i be (1 + -2)/(k/12). Let q = 25 - i. What is the units digit of q?
8
Let d = 128 + 1561. What is the thousands digit of d?
1
Suppose 421 = n + 4*c, -5*c + 1656 = 3*n + 393. What is the tens digit of n?
2
Let p = 172 + -73. Suppose 4*x + p = 7*x. Suppose -33 - x = -3*f. What is the tens digit of f?
2
Let f be (-286)/(-6) + 28/(-42). Let i = 110 + f. What is the units digit of i?
7
Suppose 0 = 219*n - 215*n - 9368. What is the thousands digit of n?
2
Let o = 117 + -117. Suppose 2*j + 0*j = 370. Suppose o = 26*x - 21*x - j. What is the tens digit of x?
3
Let y be (7 - (2 - 0)) + -2. Suppose 111 = y*c - 105. What is the units digit of c?
2
Suppose 0 = -2*d - 5*n - 7, -d - 5 = n + 2*n. What is the tens digit of 3 - (16/d - 52)?
5
Suppose 4*h = -4*v + 4, 0 = v + 1 - 0. Suppose h*z = z + 158. What is the hundreds digit of z?
1
Let k(g) = -5*g**3 + 3*g**2 - 9*g - 28. What is the units digit of k(-5)?
7
Let r = -1465 + 2128. What is the tens digit of r?
6
Let y be (-22 - -21)*(-6 + -1). Suppose 8 = -3*s + y*s. Suppose 5*p + 3*t = p + 148, -2*t = -s*p + 74. What is the tens digit of p?
3
Suppose 0 = 65*f - 56*f - 7002. What is the hundreds digit of f?
7
Let l(u) = u**3 - 9*u**2 - 64*u - 63. What is the hundreds digit of l(15)?
3
Suppose 0 = -3*s + b + 1428, -b - 345 = 3*s - 1767. What is the hundreds digit of s?
4
Let w(s) = -3*s + 1. Let l be w(-2). Let v(u) = u**2 - 9*u + 10. Let f be v(l). Let n = 9 + f. What is the units digit of n?
5
Suppose 0 = 3*s + 4*r - 8346, 15*s - 3*r = 11*s + 11103. What is the hundreds digit of s?
7
Let n be (-29 + 30)/((-1)/(-7)). Let z = -2 -